at are the prime factors of k?
2, 17, 79
Suppose -2*i + v = 0, v + 4*v + 16 = 2*i. Let c be 8/i - (1 - 32/4). Suppose -369 = -6*j + c*j. List the prime factors of j.
3, 41
Let t(i) = -779*i**3 + 12*i**2 + 77*i + 15. What are the prime factors of t(-4)?
3, 5, 31, 107
What are the prime factors of (-2)/6 - 7704360/(-540)?
11, 1297
List the prime factors of 261570343/5046 + ((-2)/(-8) - 14/(-24)).
2, 25919
Let i = -21 - -47. Suppose 4*p = -3*c + i, 2*p - 20 = -5*c - 0. Suppose -2*r + 586 = 5*z - 289, c*r - 525 = -3*z. What are the prime factors of z?
5, 7
Let n be ((-300)/(-200))/(30/(-16))*-5. Let g be 6/4*(-14)/(-3). What are the prime factors of (-10)/n*g*-2?
5, 7
Suppose -15*y + 3780 = 3*y. Suppose -217 = -x + f, 209 = 2*x + f - y. What are the prime factors of x?
2, 53
Let n(d) = -30*d**3 - 7*d**2 - 28*d - 53. List the prime factors of n(-5).
2, 1831
Let x(f) = 12*f - 54. Let z be x(9). Suppose 3*j = -6*j + z. Suppose 0 = -j*d + d + 235. List the prime factors of d.
47
Let p = -4232 + 4327. List the prime factors of p.
5, 19
Suppose 117*j - 8225000 = -353*j + 120*j. What are the prime factors of j?
2, 5, 47
Let v(s) = -4*s**3 - 65*s**2 + 58*s + 211. Let z(o) = o**3 + 16*o**2 - 14*o - 53. Let u(j) = 2*v(j) + 9*z(j). List the prime factors of u(-8).
409
Let q(y) = -5*y + 47. Let p be q(9). List the prime factors of -4*458/(-4) - p.
2, 3, 19
Let f be 142/7 + 6/(-21). Let y(l) = l**3 - 5*l**2 - 4*l + 4. Let a be y(6). List the prime factors of 1235/f + 4/a.
2, 31
Let h(m) = -7*m**3 + 2*m**2 - 13*m - 2. Let b = 278 - 282. List the prime factors of h(b).
2, 5, 53
Let b be 33 + -6 + 12 + -12. Let a(x) = x**2 - 22*x + 41. List the prime factors of a(b).
2, 11
Let c(z) = 3*z - 1. Let l be c(-3). What are the prime factors of 5 + l + (340 - 3)?
2, 83
Suppose 5*a - 101498 = 2*n - 5719, -3*a + 57480 = 3*n. What are the prime factors of a?
19157
Suppose 33 = 10*j + j. Suppose -f - k = -3*k - 2, -j*f - 3*k = -42. What are the prime factors of f?
2, 5
Let y = 159 - 147. Let a(b) = 4*b**2 - 19*b + 26. What are the prime factors of a(y)?
2, 11, 17
Suppose -11 = -2*l - 9. Suppose -3*d = t + 9, -2*t - d + 1 + l = 0. Suppose -4*k + k + 105 = 2*p, 0 = -t*p + 5*k + 205. List the prime factors of p.
2, 3, 5
Let k be 65/(-15)*(1 + -2 - -4). Let z be (1 - -3)*k/(-26). Suppose 16 = -4*r, n + z*n + 5*r = 277. What are the prime factors of n?
3, 11
List the prime factors of (-2)/4 - 266490/(-60).
4441
Let t(u) = -46*u - 48. Let z be t(-9). Let d be z + 2/8 + (-28)/(-16). Suppose 4*s + 24 = 5*w - 626, -2*s = 3*w - d. List the prime factors of w.
2, 3, 7
Suppose -1586*m = -1599*m + 833391. What are the prime factors of m?
3, 17, 419
Let k(v) = -55*v**3 + 3*v**2 + 8*v + 47. List the prime factors of k(-4).
3583
Let i(k) = 6*k - 4. Suppose 6*j + 7 = 7*j. Suppose -f + 16 = 3*t, -5*t - 4*f + 36 = j. What are the prime factors of i(t)?
2, 13
Let l(j) = -16*j + 80. Let g be l(5). Suppose 5*o - 5*z = o + 2183, -3*o + 4*z + 1636 = g. What are the prime factors of o?
2, 3, 23
Let z = 524 - 810. Let f = z - -1104. What are the prime factors of f?
2, 409
Suppose 56*i - 87586 = -13545 + 89423. What are the prime factors of i?
3, 7, 139
Suppose 11*g - 7*g - 20 = 0. Suppose -g*z + 1 = -9. List the prime factors of (6 + 27)/(1/z).
2, 3, 11
Let b(x) = 2*x - 84. Let y(g) = 4*g - 84. Let j(u) = -5*b(u) + 6*y(u). What are the prime factors of j(36)?
2, 3, 5, 7
Suppose 5*n - 236 = 2*z, 0 = 3*z + 2*n + 215 + 158. Let w(p) = p**3 + p**2 + 199. Let r be w(0). Let y = r + z. What are the prime factors of y?
2, 19
Suppose -19 = -4*q + 1. Suppose 0*x = q*x - 20. What are the prime factors of (-6)/x - (-2680)/16?
2, 83
Let o(k) = 39*k**2 - 50*k + 110. What are the prime factors of o(-16)?
2, 13, 419
Suppose -3*k - 5*c + 103825 = 0, 2*k - 69204 = -443*c + 446*c. List the prime factors of k.
3, 5, 769
Suppose 0 = 14*n - 26*n - 6720. Let k = n - -608. What are the prime factors of k?
2, 3
Let f(g) be the first derivative of g**4/2 - g**3 - 5*g**2/2 + 16*g - 12. What are the prime factors of f(6)?
2, 5, 31
Suppose 39*t - 22*t - 337929 = 13155. List the prime factors of t.
2, 3, 1721
Suppose -b + 14 = -9. Suppose 18*a = b*a. Suppose -5*f - 6 + 36 = a. What are the prime factors of f?
2, 3
Let f = -2578 - -35471. List the prime factors of f.
7, 37, 127
Suppose -35895 = -32*n + 31529. List the prime factors of n.
7, 43
Suppose -217 = -3*u - 4*z + 213, -u + 154 = -4*z. Let q = u + -118. Suppose -q = 2*f - 166. What are the prime factors of f?
3, 23
Let r(g) = 41*g - 144. Let b be r(4). Suppose 2*s - x - 3339 = 0, 25*s - b*s - 8367 = -4*x. List the prime factors of s.
3, 557
Suppose 4*w = -4*v + 35884, 3*w - 23433 + 68264 = 5*v. List the prime factors of v.
2, 19, 59
Suppose -8*d + 3*d = 155. Let b = 5 + d. Let x = 30 + b. List the prime factors of x.
2
Let j(r) = 292*r - 635. What are the prime factors of j(18)?
4621
Let m(l) be the third derivative of 5*l**4/3 - 17*l**3/3 + 33*l**2. What are the prime factors of m(4)?
2, 3, 7
Let t = -1645 + 3574. What are the prime factors of t/6*4/2?
643
Suppose 0 = 40*z - 164195 - 205445. What are the prime factors of z?
9241
Suppose 5*q + 985 = -4*f, 6*q + 495 = -2*f + 3*q. Let z(g) = -g**3 - 22*g**2 - 21*g - 7. Let x be z(-21). What are the prime factors of f/x - 16/56?
2, 17
Let d(y) = -43*y**2 - 15 - 5*y - y**3 + 11*y**2 + 12*y**2. Let f be d(-20). Let g = f + -9. List the prime factors of g.
2, 19
Suppose -52*u - f - 20360 = -56*u, 0 = -3*f. What are the prime factors of u?
2, 5, 509
Let v(c) = -c**2 + 49*c - 3. Let z be v(25). Let d = z + -337. What are the prime factors of d?
2, 5, 13
Let x = 59 + -53. Suppose 5*v + 5*k = 39 + 36, -4*k = v - x. List the prime factors of ((-174)/v)/((-1)/((-36)/(-2))).
2, 3, 29
Suppose 239*b + 705 = 240*b. Suppose -b = -5*s - 2*h, 3*s = -50*h + 51*h + 412. What are the prime factors of s?
139
Let n(a) be the first derivative of -6*a**3 - a**2/2 - a - 20. Let v be n(-1). Let p = v - -139. What are the prime factors of p?
11
Let g(i) = -993*i - 11153. What are the prime factors of g(-16)?
5, 947
Let s(g) = 2*g**3 - 4*g**2 + 19*g + 1. Let n be s(8). Let i = 1581 - n. List the prime factors of i.
2, 3, 5, 11
Let d(j) = -6*j - 50. Let r be d(-13). What are the prime factors of (-21)/r + (-291)/(-4)?
2, 3
Suppose -16*a = -126*a + 1579050. What are the prime factors of a?
3, 5, 11, 29
What are the prime factors of (-371)/(-2)*(260 + -258)?
7, 53
List the prime factors of (-9)/30 - (70/30 + 2823087/(-90)).
3, 5, 17, 41
Suppose 28*k - 23*k - 20 = 0. List the prime factors of 324 + 4/k - 8/2.
3, 107
Suppose -6*t - 9742 = 4705 - 70289. List the prime factors of t.
41, 227
What are the prime factors of (-13883610)/(-650) + 12/(-30)?
13, 31, 53
Let q(p) = p**3 + 5*p**2 - 6*p + 1. Let l be q(-6). Suppose 0 = 4*u + 8, 4*d - 5*d - 3*u = l. Suppose -1312 = -13*z + d*z. What are the prime factors of z?
2, 41
Suppose 0 = -5*z - 5*m + 11730, 218*m + 9342 = 4*z + 215*m. List the prime factors of z.
2, 3, 5, 13
Suppose -299*p + 12254353 = -1441641. List the prime factors of p.
2, 37, 619
Let l = 8156 - 5558. List the prime factors of l.
2, 3, 433
Let i(p) = -p**3 + 48*p**2 - 112*p - 80. List the prime factors of i(44).
2, 3, 19
Suppose -2*w = 111*z - 112*z + 13400, 5*z - 4*w - 67012 = 0. List the prime factors of z.
2, 3, 1117
Let v(g) = 36*g**2 - 15*g - 39. What are the prime factors of v(-12)?
3, 5, 71
Suppose 4*c = -c + 20, -2*l - 4*c + 1314 = 0. Let a = l - 206. What are the prime factors of a?
443
Suppose -172 + 28 = -4*d. Suppose d*n - 29*n - 35 = 0. Suppose 7*j - n*j = 448. What are the prime factors of j?
2, 7
Suppose 8 = 3*l + 20. Let x be l/2 - (-1 - -1 - 25). Suppose 17*a - x*a + 384 = 0. List the prime factors of a.
2
Let r be (0 - -1944)*(-1 + 1 + 1). Suppose -5*z = 4*g - r, 3*z - 6*g = -g + 1196. What are the prime factors of z?
2, 7
Suppose -5*k + 114 = -7*k. Let l = k - -52. What are the prime factors of l - (5 - 6 - 127)?
3, 41
Let w(i) = i**3 + 33*i**2 - 19*i - 34. What are the prime factors of w(-16)?
2, 2311
Suppose 11*i = 14*i - 2637. Suppose -3*a - 176 - i = -4*u, -2*u + 1057 = -3*a. Let b = -235 - a. What are the prime factors of b?
2, 59
Suppose -3*w - 9 = -6. Let a(c) = c - 2. Let h be a(w). Let t(j) = -4*j - 6. List the